{"id":231,"date":"2014-08-25T20:05:08","date_gmt":"2014-08-25T19:05:08","guid":{"rendered":"http:\/\/iciela.org\/karite\/?page_id=231"},"modified":"2017-02-07T12:58:11","modified_gmt":"2017-02-07T17:58:11","slug":"approche-innovante","status":"publish","type":"page","link":"https:\/\/iciela.org\/karite\/?page_id=231","title":{"rendered":"Approche innovante"},"content":{"rendered":"<p>[et_pb_section fullwidth=\u00a0\u00bboff\u00a0\u00bb specialty=\u00a0\u00bboff\u00a0\u00bb background_image=\u00a0\u00bbhttp:\/\/iciela.org\/karite\/wp-content\/uploads\/2014\/08\/Fond-2.jpg\u00a0\u00bb inner_shadow=\u00a0\u00bboff\u00a0\u00bb parallax=\u00a0\u00bboff\u00a0\u00bb parallax_method=\u00a0\u00bbcss\u00a0\u00bb][et_pb_row][et_pb_column type=\u00a0\u00bb4_4&Prime;][et_pb_text admin_label=\u00a0\u00bbText\u00a0\u00bb background_layout=\u00a0\u00bbdark\u00a0\u00bb text_orientation=\u00a0\u00bbleft\u00a0\u00bb]<\/p>\n<p style=\"font-size: 18px; text-align: center;\"><strong>ICI\u00c9LA \/ \u00c0 PROPOS \/ APPROCHE INNOVANTE<\/strong><\/p>\n<p>[\/et_pb_text][\/et_pb_column][\/et_pb_row][\/et_pb_section][et_pb_section fullwidth=\u00a0\u00bboff\u00a0\u00bb specialty=\u00a0\u00bboff\u00a0\u00bb][et_pb_row][et_pb_column type=\u00a0\u00bb2_3&Prime;][et_pb_text admin_label=\u00a0\u00bbText\u00a0\u00bb background_layout=\u00a0\u00bblight\u00a0\u00bb text_orientation=\u00a0\u00bbleft\u00a0\u00bb]<\/p>\n<p style=\"font-size: 18px; color: #b4e85c; text-align: justify;\"><strong>APPROCHE INNOVANTE<\/strong><\/p>\n<p style=\"font-size: 14px; color: #b4e85c; text-align: justify;\"><strong>POURQUOI UNE APPROCHE INNOVANTE ?<\/strong><\/p>\n<p style=\"text-align: justify;\">Ici\u00e9la se distingue des autres structures enti\u00e8rement b\u00e9n\u00e9voles par son souci de l&rsquo;inclusion et de la participation des membres et des partenaires en tant que fondements de l&rsquo;organisation. L&rsquo;implication au sein de l&rsquo;organisation permet de retirer plus que la participation aux projets et activit\u00e9s : elle permet une r\u00e9elle exp\u00e9rience du dialogue interculturel et de l&rsquo;engagement citoyen au contact direct des\u00a0partenaires locaux et internationaux.<\/p>\n<p>[\/et_pb_text][et_pb_accordion admin_label=\u00a0\u00bbAccordion\u00a0\u00bb][et_pb_accordion_item title=\u00a0\u00bbSensibilisation \u00e0 l&rsquo;interculturel\u00a0\u00bb]<\/p>\n<p style=\"text-align: justify;\">La sensibilisation \u00e0 l&rsquo;interculturel se fait d&rsquo;une mani\u00e8re diff\u00e9rente chez Ici\u00e9la. En effet, nous avons entre autres mis en place le projet\u00a0Pangaya afin de rapprocher les jeunes de divers peuples francophones. Par le biais de vid\u00e9os sur des enjeux communs, les jeunes de diff\u00e9rentes cultures peuvent prendre conscience qu&rsquo;ils se ressemblent finalement plus qu&rsquo;ils ne diff\u00e8rent. Cela permet de casser les st\u00e9r\u00e9otypes v\u00e9hicul\u00e9s par notre soci\u00e9t\u00e9 occidentales sur les autres peuples et de favoriser les \u00e9changes interculturels.<\/p>\n<p>[\/et_pb_accordion_item][et_pb_accordion_item title=\u00a0\u00bbGestion collaborative\u00a0\u00bb]<\/p>\n<p style=\"text-align: justify;\">La gestion collaborative propos\u00e9e par Ici\u00e9la est bas\u00e9e sur des rapports \u00e9galitaires avec les partenaires et les b\u00e9n\u00e9voles et la mise en commun des forces de chacun. Ainsi, chacun est valoris\u00e9 dans ce qu\u2019il peut apporter \u00e0 l\u2019organisme et peut cheminer tant au niveau organisationnel que relationnel, en d\u00e9veloppant des relations solides et durables avec les autres membres.<\/p>\n<p style=\"text-align: justify;\">Que repr\u00e9sente la gestion collaborative pour les b\u00e9n\u00e9voles ?<\/p>\n<ul style=\"text-align: justify;\">\n<li>un espace de libre expression o\u00f9 leur contribution est valoris\u00e9e et leur influence ressentie jusque dans les sph\u00e8res d\u00e9cisionnelles;<\/li>\n<li>une opportunit\u00e9 d\u2019utiliser ses forces tout en d\u00e9veloppant de nouvelles comp\u00e9tences;<\/li>\n<li>un environnement inclusif et participatif propice \u00e0 l\u2019innovation.<\/li>\n<\/ul>\n<p style=\"text-align: justify;\">Que repr\u00e9sente la gestion collaborative pour les partenaires ?<\/p>\n<ul>\n<li style=\"text-align: justify;\">des rapports \u00e9galitaires et inclusifs propices \u00e0 la co-cr\u00e9ation et \u00e0 l\u2019apprentissage mutuel;<\/li>\n<li style=\"text-align: justify;\">la mise en commun d\u2019expertises et de comp\u00e9tences diversifi\u00e9es afin de contribuer au changement social;<\/li>\n<li style=\"text-align: justify;\">des relations solides et durables permettant de cheminer conjointement tout en maintenant l\u2019ind\u00e9pendance de chacun des partenaires.<\/li>\n<\/ul>\n<p>[\/et_pb_accordion_item][et_pb_accordion_item title=\u00a0\u00bbParcours d&rsquo;engagement b\u00e9n\u00e9vole\u00a0\u00bb]<\/p>\n<p style=\"text-align: justify;\">L\u2019approche innovante d\u2019Ici\u00e9la se situe \u00e9galement au niveau de l\u2019implication b\u00e9n\u00e9vole. En effet, nous ne cherchons pas seulement \u00e0 recruter des b\u00e9n\u00e9voles qui contribueront \u00e0 notre cause, nous souhaitons que ceux-ci puissent retirer de leur engagement quelque chose de profitable d\u2019un point de vu personnel et professionnel. C\u2019est pourquoi nous avons cr\u00e9\u00e9 un parcours d\u2019engagement personnalis\u00e9 selon les forces et les d\u00e9sirs de chaque b\u00e9n\u00e9vole, afin que chacun ait ses propres objectifs \u00e0 accomplir en plus des objectifs communs de l\u2019organisme.\u00a0Ainsi, leur motivation ne d\u00e9coule pas seulement de la mission de l\u2019organisme, mais \u00e9galement de leurs propres ambitions personnelles et professionnelles. Pour en savoir plus sur le parcours d\u2019engagement, rendez-vous <a title=\"Parcours d\u2019engagement\" href=\"http:\/\/iciela.org\/karite\/?page_id=596\">ici<\/a>.<\/p>\n<p>[\/et_pb_accordion_item][et_pb_accordion_item title=\u00a0\u00bbEngagement citoyen\u00a0\u00bb]<\/p>\n<p style=\"text-align: justify;\">L\u2019engagement citoyen fait aussi partie de l\u2019approche innovante d\u2019Ici\u00e9la. En effet, en plus d\u2019\u00eatre un organisme \u00e0 vis\u00e9e communautaire, nous souhaitons \u00e9galement encourager la participation citoyenne et l\u2019engagement social, en particulier chez les jeunes. Nous croyons que les jeunes ont un r\u00e9el pouvoir de changer les choses et qu\u2019il faut seulement leur montrer\u00a0qu\u2019ils poss\u00e8dent ce pouvoir d\u2019action et d\u2019influence, notamment au niveau de la sph\u00e8re publique.<\/p>\n<p>[\/et_pb_accordion_item][et_pb_accordion_item title=\u00a0\u00bbVIs\u00e9e p\u00e9dagogique\u00a0\u00bb]<\/p>\n<p style=\"text-align: justify;\">Ici\u00e9la se fait un devoir d&rsquo;\u00e9duquer les jeunes et les moins jeunes \u00e0 la diversit\u00e9 et au dialogue interculturel. Pour se faire, nous avons d\u00e9velopp\u00e9 plusieurs activit\u00e9s et projets qui permettent cet objectif, telle que la plateforme Pangaya.tv, des ateliers scolaires\u00a0et\u00a0des \u00e9v\u00e8nements publics. Pour en savoir plus sur nos activit\u00e9s et nos projets, rendez-vous <a title=\"Activit\u00e9s et projets\" href=\"http:\/\/iciela.org\/karite\/?page_id=23\">ici<\/a> !<\/p>\n<p>[\/et_pb_accordion_item][\/et_pb_accordion][et_pb_text admin_label=\u00a0\u00bbText\u00a0\u00bb background_layout=\u00a0\u00bblight\u00a0\u00bb text_orientation=\u00a0\u00bbleft\u00a0\u00bb]<\/p>\n<p>Nous t&rsquo;avons convaincu qu&rsquo;Ici\u00e9la est un organisme unique qui peut r\u00e9ellement t&rsquo;apporter quelque chose en tant que b\u00e9n\u00e9vole ? <a title=\"Devenir b\u00e9n\u00e9vole\" href=\"http:\/\/iciela.org\/karite\/?page_id=252\">Implique-toi<\/a>\u00a0sans plus tarder !<\/p>\n<p>[\/et_pb_text][\/et_pb_column][et_pb_column type=\u00a0\u00bb1_3&Prime;][et_pb_testimonial admin_label=\u00a0\u00bbTestimonial\u00a0\u00bb author=\u00a0\u00bbSt\u00e9phane Boyer\u00a0\u00bb job_title=\u00a0\u00bbB\u00e9n\u00e9vole\u00a0\u00bb url_new_window=\u00a0\u00bbon\u00a0\u00bb quote_icon=\u00a0\u00bbon\u00a0\u00bb use_background_color=\u00a0\u00bbon\u00a0\u00bb background_color=\u00a0\u00bb#b4e85c\u00a0\u00bb background_layout=\u00a0\u00bblight\u00a0\u00bb text_orientation=\u00a0\u00bbcenter\u00a0\u00bb]On d\u00e9veloppe nos talents, nos capacit\u00e9s, nos exp\u00e9riences, et c&rsquo;est ce que je pense qui fait la beaut\u00e9 de l&rsquo;organisme, que m\u00eame si on n&rsquo;a pas d&rsquo;exp\u00e9rience concr\u00e8te pr\u00e9alable, on a la possibilit\u00e9 de se d\u00e9velopper par l&rsquo;entremise de l&rsquo;organisme.[\/et_pb_testimonial][et_pb_testimonial admin_label=\u00a0\u00bbTestimonial\u00a0\u00bb author=\u00a0\u00bbJacynthe Poisson\u00a0\u00bb job_title=\u00a0\u00bbB\u00e9n\u00e9vole\u00a0\u00bb url_new_window=\u00a0\u00bbon\u00a0\u00bb quote_icon=\u00a0\u00bbon\u00a0\u00bb use_background_color=\u00a0\u00bbon\u00a0\u00bb background_color=\u00a0\u00bb#b4e85c\u00a0\u00bb background_layout=\u00a0\u00bblight\u00a0\u00bb text_orientation=\u00a0\u00bbcenter\u00a0\u00bb]<\/p>\n<p>Ce que j&rsquo;ai beaucoup aim\u00e9, ce sont les t\u00e9l\u00e9phones avec les partenaires, pouvoir leur parler des projets, leur demander comment ils vont et \u00e9tablir une relations de confiance avec eux.<\/p>\n<p>[\/et_pb_testimonial][et_pb_testimonial admin_label=\u00a0\u00bbTestimonial\u00a0\u00bb author=\u00a0\u00bbDenise Beaudry\u00a0\u00bb job_title=\u00a0\u00bbB\u00e9n\u00e9vole\u00a0\u00bb url_new_window=\u00a0\u00bbon\u00a0\u00bb quote_icon=\u00a0\u00bbon\u00a0\u00bb use_background_color=\u00a0\u00bbon\u00a0\u00bb background_color=\u00a0\u00bb#b4e85c\u00a0\u00bb background_layout=\u00a0\u00bblight\u00a0\u00bb text_orientation=\u00a0\u00bbcenter\u00a0\u00bb]<\/p>\n<p>C&rsquo;est facile de faire notre contribution parce que tout est \u00e0 monter, c&rsquo;est tr\u00e8s ouvert.<\/p>\n<p>[\/et_pb_testimonial][\/et_pb_column][\/et_pb_row][\/et_pb_section][et_pb_section fullwidth=\u00a0\u00bboff\u00a0\u00bb specialty=\u00a0\u00bboff\u00a0\u00bb background_image=\u00a0\u00bbhttp:\/\/iciela.org\/karite\/wp-content\/uploads\/2014\/08\/Fond-2.jpg\u00a0\u00bb inner_shadow=\u00a0\u00bboff\u00a0\u00bb parallax=\u00a0\u00bboff\u00a0\u00bb parallax_method=\u00a0\u00bbcss\u00a0\u00bb][et_pb_row][et_pb_column type=\u00a0\u00bb4_4&Prime;][et_pb_text admin_label=\u00a0\u00bbText\u00a0\u00bb background_layout=\u00a0\u00bblight\u00a0\u00bb text_orientation=\u00a0\u00bbleft\u00a0\u00bb \/][\/et_pb_column][\/et_pb_row][\/et_pb_section]<\/p>\n","protected":false},"excerpt":{"rendered":"<p>[et_pb_section fullwidth=\u00a0\u00bboff\u00a0\u00bb specialty=\u00a0\u00bboff\u00a0\u00bb background_image=\u00a0\u00bbhttp:\/\/iciela.org\/karite\/wp-content\/uploads\/2014\/08\/Fond-2.jpg\u00a0\u00bb inner_shadow=\u00a0\u00bboff\u00a0\u00bb parallax=\u00a0\u00bboff\u00a0\u00bb parallax_method=\u00a0\u00bbcss\u00a0\u00bb][et_pb_row][et_pb_column type=\u00a0\u00bb4_4&Prime;][et_pb_text admin_label=\u00a0\u00bbText\u00a0\u00bb background_layout=\u00a0\u00bbdark\u00a0\u00bb text_orientation=\u00a0\u00bbleft\u00a0\u00bb] ICI\u00c9LA \/ \u00c0 PROPOS \/ APPROCHE INNOVANTE [\/et_pb_text][\/et_pb_column][\/et_pb_row][\/et_pb_section][et_pb_section fullwidth=\u00a0\u00bboff\u00a0\u00bb specialty=\u00a0\u00bboff\u00a0\u00bb][et_pb_row][et_pb_column type=\u00a0\u00bb2_3&Prime;][et_pb_text admin_label=\u00a0\u00bbText\u00a0\u00bb background_layout=\u00a0\u00bblight\u00a0\u00bb text_orientation=\u00a0\u00bbleft\u00a0\u00bb] APPROCHE INNOVANTE POURQUOI UNE APPROCHE INNOVANTE ? Ici\u00e9la se distingue des autres structures enti\u00e8rement b\u00e9n\u00e9voles par son souci de l&rsquo;inclusion et de la participation des membres et des partenaires en [&hellip;]<\/p>\n","protected":false},"author":4,"featured_media":0,"parent":0,"menu_order":0,"comment_status":"open","ping_status":"open","template":"","meta":{"footnotes":""},"class_list":["post-231","page","type-page","status-publish","hentry"],"yoast_head":"<!-- This site is optimized with the Yoast SEO plugin v27.4 - https:\/\/yoast.com\/product\/yoast-seo-wordpress\/ -->\n<title>Approche innovante - Ici\u00e9la<\/title>\n<meta name=\"robots\" content=\"index, follow, max-snippet:-1, max-image-preview:large, max-video-preview:-1\" \/>\n<link rel=\"canonical\" href=\"https:\/\/iciela.org\/karite\/?page_id=231\" \/>\n<meta property=\"og:locale\" content=\"fr_FR\" \/>\n<meta property=\"og:type\" content=\"article\" \/>\n<meta property=\"og:title\" content=\"Approche innovante - Ici\u00e9la\" \/>\n<meta property=\"og:description\" content=\"[et_pb_section fullwidth=\u00a0\u00bboff\u00a0\u00bb specialty=\u00a0\u00bboff\u00a0\u00bb background_image=\u00a0\u00bbhttp:\/\/iciela.org\/karite\/wp-content\/uploads\/2014\/08\/Fond-2.jpg\u00a0\u00bb inner_shadow=\u00a0\u00bboff\u00a0\u00bb parallax=\u00a0\u00bboff\u00a0\u00bb parallax_method=\u00a0\u00bbcss\u00a0\u00bb][et_pb_row][et_pb_column type=\u00a0\u00bb4_4&Prime;][et_pb_text admin_label=\u00a0\u00bbText\u00a0\u00bb background_layout=\u00a0\u00bbdark\u00a0\u00bb text_orientation=\u00a0\u00bbleft\u00a0\u00bb] ICI\u00c9LA \/ \u00c0 PROPOS \/ APPROCHE INNOVANTE [\/et_pb_text][\/et_pb_column][\/et_pb_row][\/et_pb_section][et_pb_section fullwidth=\u00a0\u00bboff\u00a0\u00bb specialty=\u00a0\u00bboff\u00a0\u00bb][et_pb_row][et_pb_column type=\u00a0\u00bb2_3&Prime;][et_pb_text admin_label=\u00a0\u00bbText\u00a0\u00bb background_layout=\u00a0\u00bblight\u00a0\u00bb text_orientation=\u00a0\u00bbleft\u00a0\u00bb] APPROCHE INNOVANTE POURQUOI UNE APPROCHE INNOVANTE ? Ici\u00e9la se distingue des autres structures enti\u00e8rement b\u00e9n\u00e9voles par son souci de l&rsquo;inclusion et de la participation des membres et des partenaires en [&hellip;]\" \/>\n<meta property=\"og:url\" content=\"https:\/\/iciela.org\/karite\/?page_id=231\" \/>\n<meta property=\"og:site_name\" content=\"Ici\u00e9la\" \/>\n<meta property=\"article:modified_time\" content=\"2017-02-07T17:58:11+00:00\" \/>\n<meta name=\"twitter:label1\" content=\"Dur\u00e9e de lecture estim\u00e9e\" \/>\n\t<meta name=\"twitter:data1\" content=\"5 minutes\" \/>\n<script type=\"application\/ld+json\" class=\"yoast-schema-graph\">{\"@context\":\"https:\\\/\\\/schema.org\",\"@graph\":[{\"@type\":\"WebPage\",\"@id\":\"https:\\\/\\\/iciela.org\\\/karite\\\/?page_id=231\",\"url\":\"https:\\\/\\\/iciela.org\\\/karite\\\/?page_id=231\",\"name\":\"Approche innovante - Ici\u00e9la\",\"isPartOf\":{\"@id\":\"https:\\\/\\\/iciela.org\\\/karite\\\/#website\"},\"datePublished\":\"2014-08-25T19:05:08+00:00\",\"dateModified\":\"2017-02-07T17:58:11+00:00\",\"breadcrumb\":{\"@id\":\"https:\\\/\\\/iciela.org\\\/karite\\\/?page_id=231#breadcrumb\"},\"inLanguage\":\"fr-FR\",\"potentialAction\":[{\"@type\":\"ReadAction\",\"target\":[\"https:\\\/\\\/iciela.org\\\/karite\\\/?page_id=231\"]}]},{\"@type\":\"BreadcrumbList\",\"@id\":\"https:\\\/\\\/iciela.org\\\/karite\\\/?page_id=231#breadcrumb\",\"itemListElement\":[{\"@type\":\"ListItem\",\"position\":1,\"name\":\"Accueil\",\"item\":\"https:\\\/\\\/iciela.org\\\/karite\\\/\"},{\"@type\":\"ListItem\",\"position\":2,\"name\":\"Approche innovante\"}]},{\"@type\":\"WebSite\",\"@id\":\"https:\\\/\\\/iciela.org\\\/karite\\\/#website\",\"url\":\"https:\\\/\\\/iciela.org\\\/karite\\\/\",\"name\":\"Ici\u00e9la\",\"description\":\"\u00c9changer. Comprendre. Agir\u2026 ensemble !\",\"potentialAction\":[{\"@type\":\"SearchAction\",\"target\":{\"@type\":\"EntryPoint\",\"urlTemplate\":\"https:\\\/\\\/iciela.org\\\/karite\\\/?s={search_term_string}\"},\"query-input\":{\"@type\":\"PropertyValueSpecification\",\"valueRequired\":true,\"valueName\":\"search_term_string\"}}],\"inLanguage\":\"fr-FR\"}]}<\/script>\n<!-- \/ Yoast SEO plugin. -->","yoast_head_json":{"title":"Approche innovante - Ici\u00e9la","robots":{"index":"index","follow":"follow","max-snippet":"max-snippet:-1","max-image-preview":"max-image-preview:large","max-video-preview":"max-video-preview:-1"},"canonical":"https:\/\/iciela.org\/karite\/?page_id=231","og_locale":"fr_FR","og_type":"article","og_title":"Approche innovante - Ici\u00e9la","og_description":"[et_pb_section fullwidth=\u00a0\u00bboff\u00a0\u00bb specialty=\u00a0\u00bboff\u00a0\u00bb background_image=\u00a0\u00bbhttp:\/\/iciela.org\/karite\/wp-content\/uploads\/2014\/08\/Fond-2.jpg\u00a0\u00bb inner_shadow=\u00a0\u00bboff\u00a0\u00bb parallax=\u00a0\u00bboff\u00a0\u00bb parallax_method=\u00a0\u00bbcss\u00a0\u00bb][et_pb_row][et_pb_column type=\u00a0\u00bb4_4&Prime;][et_pb_text admin_label=\u00a0\u00bbText\u00a0\u00bb background_layout=\u00a0\u00bbdark\u00a0\u00bb text_orientation=\u00a0\u00bbleft\u00a0\u00bb] ICI\u00c9LA \/ \u00c0 PROPOS \/ APPROCHE INNOVANTE [\/et_pb_text][\/et_pb_column][\/et_pb_row][\/et_pb_section][et_pb_section fullwidth=\u00a0\u00bboff\u00a0\u00bb specialty=\u00a0\u00bboff\u00a0\u00bb][et_pb_row][et_pb_column type=\u00a0\u00bb2_3&Prime;][et_pb_text admin_label=\u00a0\u00bbText\u00a0\u00bb background_layout=\u00a0\u00bblight\u00a0\u00bb text_orientation=\u00a0\u00bbleft\u00a0\u00bb] APPROCHE INNOVANTE POURQUOI UNE APPROCHE INNOVANTE ? Ici\u00e9la se distingue des autres structures enti\u00e8rement b\u00e9n\u00e9voles par son souci de l&rsquo;inclusion et de la participation des membres et des partenaires en [&hellip;]","og_url":"https:\/\/iciela.org\/karite\/?page_id=231","og_site_name":"Ici\u00e9la","article_modified_time":"2017-02-07T17:58:11+00:00","twitter_misc":{"Dur\u00e9e de lecture estim\u00e9e":"5 minutes"},"schema":{"@context":"https:\/\/schema.org","@graph":[{"@type":"WebPage","@id":"https:\/\/iciela.org\/karite\/?page_id=231","url":"https:\/\/iciela.org\/karite\/?page_id=231","name":"Approche innovante - Ici\u00e9la","isPartOf":{"@id":"https:\/\/iciela.org\/karite\/#website"},"datePublished":"2014-08-25T19:05:08+00:00","dateModified":"2017-02-07T17:58:11+00:00","breadcrumb":{"@id":"https:\/\/iciela.org\/karite\/?page_id=231#breadcrumb"},"inLanguage":"fr-FR","potentialAction":[{"@type":"ReadAction","target":["https:\/\/iciela.org\/karite\/?page_id=231"]}]},{"@type":"BreadcrumbList","@id":"https:\/\/iciela.org\/karite\/?page_id=231#breadcrumb","itemListElement":[{"@type":"ListItem","position":1,"name":"Accueil","item":"https:\/\/iciela.org\/karite\/"},{"@type":"ListItem","position":2,"name":"Approche innovante"}]},{"@type":"WebSite","@id":"https:\/\/iciela.org\/karite\/#website","url":"https:\/\/iciela.org\/karite\/","name":"Ici\u00e9la","description":"\u00c9changer. Comprendre. Agir\u2026 ensemble !","potentialAction":[{"@type":"SearchAction","target":{"@type":"EntryPoint","urlTemplate":"https:\/\/iciela.org\/karite\/?s={search_term_string}"},"query-input":{"@type":"PropertyValueSpecification","valueRequired":true,"valueName":"search_term_string"}}],"inLanguage":"fr-FR"}]}},"_links":{"self":[{"href":"https:\/\/iciela.org\/karite\/index.php?rest_route=\/wp\/v2\/pages\/231","targetHints":{"allow":["GET"]}}],"collection":[{"href":"https:\/\/iciela.org\/karite\/index.php?rest_route=\/wp\/v2\/pages"}],"about":[{"href":"https:\/\/iciela.org\/karite\/index.php?rest_route=\/wp\/v2\/types\/page"}],"author":[{"embeddable":true,"href":"https:\/\/iciela.org\/karite\/index.php?rest_route=\/wp\/v2\/users\/4"}],"replies":[{"embeddable":true,"href":"https:\/\/iciela.org\/karite\/index.php?rest_route=%2Fwp%2Fv2%2Fcomments&post=231"}],"version-history":[{"count":61,"href":"https:\/\/iciela.org\/karite\/index.php?rest_route=\/wp\/v2\/pages\/231\/revisions"}],"predecessor-version":[{"id":1498,"href":"https:\/\/iciela.org\/karite\/index.php?rest_route=\/wp\/v2\/pages\/231\/revisions\/1498"}],"wp:attachment":[{"href":"https:\/\/iciela.org\/karite\/index.php?rest_route=%2Fwp%2Fv2%2Fmedia&parent=231"}],"curies":[{"name":"wp","href":"https:\/\/api.w.org\/{rel}","templated":true}]}}